{"id":8561,"date":"2023-11-11T18:15:43","date_gmt":"2023-11-11T18:15:43","guid":{"rendered":"https:\/\/medgyd.lt\/parduotuve\/?post_type=product&#038;p=8561"},"modified":"2025-10-26T15:00:50","modified_gmt":"2025-10-26T15:00:50","slug":"bekontaktis-termometras-at-630","status":"publish","type":"product","link":"https:\/\/medgyd.lt\/parduotuve\/produktas\/bekontaktis-termometras-at-630\/","title":{"rendered":"Bekontaktis termometras AT-630"},"content":{"rendered":"<p><strong>Savyb\u0117s:<\/strong><\/p>\n<p>1. Tikslus matavimas: termometras naudoja optin\u012f matavimo metod\u0105, matavimo tikslumas siekia tik \u00b1 0,2 \u2103. Didelis tikslumas suteikia patikimus duomenis.<\/p>\n<p>2. Paprastas valdymas: termometras palaiko temperat\u016bros matavim\u0105 vienu mygtuku. Termometras pamatuos temperat\u016br\u0105 per 1s, kai paspaud\u017eiamas mygtukas.<\/p>\n<p>3. Patogus temperat\u016bros vertinimas: bekontaktis termometras naudoja skaitmenin\u012f ekran\u0105 ir turi fonin\u012f ap\u0161vietim\u0105 . Ma\u017eas korpusas su itin dideliu ekranu.<\/p>\n<p>4. Daugiafunkcinis: termometras gali ne tik palaikyti \u017emogaus k\u016bno temperat\u016bros matavim\u0105, bet ir pavir\u0161iaus temperat\u016bros matavim\u0105.<\/p>\n<p>5. Du matavimo vienetai: termometras palaiko Farenheito ir Celsijaus temperat\u016bros matavimus, kurie gali patenkinti \u012fvairi\u0173 situacij\u0173 poreikius.<\/p>\n<p>&nbsp;<\/p>\n<p>&nbsp;<\/p>\n<p>Apib\u016bdinimas:<\/p>\n<p>Gaminys yra ma\u017eas ir ne\u0161iojamas, gra\u017eus ir i\u0161skirtinis, tinkantis \u017emogaus k\u016bno temperat\u016brai matuoti.<\/p>\n<p>&nbsp;<\/p>\n<p>Specifikacijos:<\/p>\n<p>Spalva: violetin\u0117<\/p>\n<p>Matavimo atstumas: 1-5cm<\/p>\n<p>Matavimo laikas: \u22642S<\/p>\n<p>Matavimo diapazonas: Korpusas 32\u00b0 C-42,5\u00b0 C<\/p>\n<p>Pavir\u0161ius: 0\u00b0C\u201393\u00b0C (\u00b10,1\u00b0C)<\/p>\n<p>Matavimo tikslumas:<\/p>\n<p>\u00b10,3\u00b0C 32,0\u00b0C\u201334,9\u00b0C<\/p>\n<p>\u00b10,2\u00b0C 35,0\u00b0C\u201342,0\u00b0C<\/p>\n<p>\u00b10,3\u00b0C 42,1\u00b0C\u201342,5\u00b0C<\/p>\n<p>Atminties saugykla: 10<\/p>\n<p>Skiriamoji geba: 0,1 \u00b0C \/ \u2109<\/p>\n<p>Ekrano blokas: \u2109 \/ \u2103<\/p>\n<p>Automatinis i\u0161sijungimas: 10s<\/p>\n<p>Maitinimas: nuolatin\u0117 srov\u0117 3,0 V 2 AAA baterijos (nepridedamos)<\/p>\n<p>Darbin\u0117 temperat\u016bra: 16\u00b0 C-35\u00b0 C<\/p>\n<p>Laikymo temperat\u016bra: -20\u00b0C-55\u00b0C<\/p>\n<p>Gaminio dydis: 150*85*44mm<\/p>\n<p>Produkto svoris: 103g (be baterij\u0173)<\/p>\n<p>Spalvotos d\u0117\u017eut\u0117s dydis: 160*90*45mm<\/p>\n<p>Bendras svoris: 143g<\/p>\n<p>&nbsp;<\/p>\n<p>\u012e paket\u0105 \u012feina:<\/p>\n<p>1 * Nekontaktinis infraraudon\u0173j\u0173 spinduli\u0173 termometras (be baterijos)<\/p>\n<p>1 * Med\u017eiaginis mai\u0161elis<\/p>\n<p>1 * Vartotojo vadovas<\/p>\n<p>1 * Sertifikatas<\/p>\n<p>Pastabos:<br \/>\n1. D\u0117l skirting\u0173 monitori\u0173 skirtum\u0173 nuotrauka gali neatspind\u0117ti tikrosios prek\u0117s spalvos. Garantuojame, kad stilius yra toks pat, kaip parodyta nuotraukose.<br \/>\n2. Leiskite nedidel\u012f matmen\u0173 skirtum\u0105 d\u0117l skirtingo rankinio matavimo.<\/p>\n","protected":false},"excerpt":{"rendered":"<p>Savyb\u0117s: 1. Tikslus matavimas: termometras naudoja optin\u012f matavimo metod\u0105, matavimo tikslumas siekia tik \u00b1 0,2 \u2103. Didelis tikslumas suteikia patikimus duomenis. 2. Paprastas valdymas: termometras palaiko temperat\u016bros matavim\u0105 vienu mygtuku. Termometras pamatuos temperat\u016br\u0105 per 1s, kai paspaud\u017eiamas mygtukas. 3. Patogus temperat\u016bros vertinimas: bekontaktis termometras naudoja skaitmenin\u012f ekran\u0105 ir turi fonin\u012f ap\u0161vietim\u0105 . Ma\u017eas korpusas su &hellip; <\/p>\n<p class=\"more-link-wrap\"><a href=\"https:\/\/medgyd.lt\/parduotuve\/produktas\/bekontaktis-termometras-at-630\/\" class=\"more-link\"><i class=\"opal-icon-plus\" aria-hidden=\"true\"><\/i><span>Daugiau<span class=\"screen-reader-text\"> &#8222;Bekontaktis termometras AT-630&#8221;<\/span><\/span><\/a><\/p>\n","protected":false},"featured_media":8566,"comment_status":"open","ping_status":"closed","template":"","meta":{"inline_featured_image":false,"_monsterinsights_skip_tracking":false,"_monsterinsights_sitenote_active":false,"_monsterinsights_sitenote_note":"","_monsterinsights_sitenote_category":0},"product_brand":[],"product_cat":[92],"product_tag":[],"class_list":{"0":"post-8561","1":"product","2":"type-product","3":"status-publish","4":"has-post-thumbnail","6":"product_cat-termometrai","8":"first","9":"outofstock","10":"sale","11":"shipping-taxable","12":"purchasable","13":"product-type-simple"},"_links":{"self":[{"href":"https:\/\/medgyd.lt\/parduotuve\/wp-json\/wp\/v2\/product\/8561","targetHints":{"allow":["GET"]}}],"collection":[{"href":"https:\/\/medgyd.lt\/parduotuve\/wp-json\/wp\/v2\/product"}],"about":[{"href":"https:\/\/medgyd.lt\/parduotuve\/wp-json\/wp\/v2\/types\/product"}],"replies":[{"embeddable":true,"href":"https:\/\/medgyd.lt\/parduotuve\/wp-json\/wp\/v2\/comments?post=8561"}],"wp:featuredmedia":[{"embeddable":true,"href":"https:\/\/medgyd.lt\/parduotuve\/wp-json\/wp\/v2\/media\/8566"}],"wp:attachment":[{"href":"https:\/\/medgyd.lt\/parduotuve\/wp-json\/wp\/v2\/media?parent=8561"}],"wp:term":[{"taxonomy":"product_brand","embeddable":true,"href":"https:\/\/medgyd.lt\/parduotuve\/wp-json\/wp\/v2\/product_brand?post=8561"},{"taxonomy":"product_cat","embeddable":true,"href":"https:\/\/medgyd.lt\/parduotuve\/wp-json\/wp\/v2\/product_cat?post=8561"},{"taxonomy":"product_tag","embeddable":true,"href":"https:\/\/medgyd.lt\/parduotuve\/wp-json\/wp\/v2\/product_tag?post=8561"}],"curies":[{"name":"wp","href":"https:\/\/api.w.org\/{rel}","templated":true}]}}