{"id":8572,"date":"2023-11-11T18:29:48","date_gmt":"2023-11-11T18:29:48","guid":{"rendered":"https:\/\/medgyd.lt\/parduotuve\/?post_type=product&#038;p=8572"},"modified":"2025-10-26T15:00:50","modified_gmt":"2025-10-26T15:00:50","slug":"kontaktinis-termometras-ta-027","status":"publish","type":"product","link":"https:\/\/medgyd.lt\/parduotuve\/produktas\/kontaktinis-termometras-ta-027\/","title":{"rendered":"Kontaktinis termometras TA-027"},"content":{"rendered":"<p>Funkcijos:<\/p>\n<p>1. Automatinis garsinio signalo priminimas: termometras palaiko greit\u0105 temperat\u016bros matavim\u0105, o baigus temperat\u016bros matavim\u0105 \u2013 automati\u0161kai priminim\u0105, kad nepamir\u0161tum\u0117te patikrinti matavimo rezultat\u0173.<\/p>\n<p>2. Mink\u0161tos galvut\u0117s dizainas: Mink\u0161ta klinikinio termometro galvut\u0117 sukurta taip, kad nepa\u017eeist\u0173 k\u016bno, o zondas pagamintas i\u0161 puslaidininkinio terminio 304 ner\u016bdijan\u010dio plieno.<\/p>\n<p>3. Temperat\u016bros jutimo dalis yra atspari vandeniui: \u0161is termometras yra ekologi\u0161kas ir plaunamas, lengvai valomas, higieni\u0161kas ir sveikas.<\/p>\n<p>4. Dvigubos paskirties temperat\u016bros matavimas: visapusi\u0161kai r\u016bpinasi \u0161eimos sveikata, tinka dvejopai matuoti burnos ertm\u0117s ir pa\u017east\u0173 temperat\u016br\u0105, patogus matavimas ir tenkina skirtingus temperat\u016bros matavimo poreikius.<\/p>\n<p>5. Tikslus ir patikimas: m\u016bs\u0173 termometre yra pa\u017eangiausias didelio tikslumo jutiklis, kuris palaiko greit\u0105 temperat\u016bros matavim\u0105 per 8 sekundes, o tai yra tikslus ir patikimas.<\/p>\n<p>Apib\u016bdinimas:<\/p>\n<p>Termometras palaiko burnos ir pa\u017east\u0173 temperat\u016bros matavim\u0105, valdym\u0105 vienu klavi\u0161u, leid\u017eiant\u012f matuoti bet kuriuo metu.<\/p>\n<p>Specifikacijos:<\/p>\n<p>Matavimo laikas: 8s<\/p>\n<p>Automatinis i\u0161sijungimas: 30s<\/p>\n<p>Maitinimas: \u012e\u0117jimo \u012ftampa: DC 3.0V<\/p>\n<p>Baterijos tipas: mygtuko baterija CR 2032<\/p>\n<p>Detektorius: termistorius<\/p>\n<p>Temperat\u016bros ekranas: LCD skaitmeninis ekranas<\/p>\n<p>Rezoliucija: 0,1 \u2103<\/p>\n<p>Matavimo tikslumas:<\/p>\n<p>\u00b10,1 \u2103 (36,0 \u2103\u201339,0 \u2103)<\/p>\n<p>\u00b10,2 \u2103 (32,0 \u2103 \u2013 35,9 \u2103; 39,1 \u2103 \u2013 42,0 \u2103) (standartin\u0117 kambario temperat\u016bra 23 \u2103)<\/p>\n<p>Matavimo diapazonas: 32,0 \u2103 ~ 42,9 \u2103<\/p>\n<p>Naudojama aplinkos temperat\u016bra: 5\u2103-40 \u2103<\/p>\n<p>Naudokite aplinkos dr\u0117gm\u0119: 10%RH-85%RH<\/p>\n<p>Darbinis atmosferos sl\u0117gis: 700 hpa ~ 1060 hpa<\/p>\n<p>Laikymo temperat\u016bra: -20 \u2103 ~ + 55 \u2103<\/p>\n<p>Sand\u0117liavimo dr\u0117gm\u0117: 10%RH-80%RH<\/p>\n<p>Atmosferos sl\u0117gis transportuojant ir sand\u0117liuojant: 500hPa-1060hPa<\/p>\n<p>Grynasis svoris: 27 g (su akumuliatoriumi)<\/p>\n<p>Dydis: 143,0 * 35,0 * 21,0 mm<\/p>\n<p>\u012e paket\u0105 \u012feina:<\/p>\n<p>1 * termometras<\/p>\n","protected":false},"excerpt":{"rendered":"<p>Spalva: ro\u017ein\u0117<\/p>\n","protected":false},"featured_media":8581,"comment_status":"open","ping_status":"closed","template":"","meta":{"inline_featured_image":false,"_monsterinsights_skip_tracking":false,"_monsterinsights_sitenote_active":false,"_monsterinsights_sitenote_note":"","_monsterinsights_sitenote_category":0},"product_brand":[],"product_cat":[92],"product_tag":[],"class_list":{"0":"post-8572","1":"product","2":"type-product","3":"status-publish","4":"has-post-thumbnail","6":"product_cat-termometrai","8":"first","9":"instock","10":"sale","11":"shipping-taxable","12":"purchasable","13":"product-type-simple"},"_links":{"self":[{"href":"https:\/\/medgyd.lt\/parduotuve\/wp-json\/wp\/v2\/product\/8572","targetHints":{"allow":["GET"]}}],"collection":[{"href":"https:\/\/medgyd.lt\/parduotuve\/wp-json\/wp\/v2\/product"}],"about":[{"href":"https:\/\/medgyd.lt\/parduotuve\/wp-json\/wp\/v2\/types\/product"}],"replies":[{"embeddable":true,"href":"https:\/\/medgyd.lt\/parduotuve\/wp-json\/wp\/v2\/comments?post=8572"}],"wp:featuredmedia":[{"embeddable":true,"href":"https:\/\/medgyd.lt\/parduotuve\/wp-json\/wp\/v2\/media\/8581"}],"wp:attachment":[{"href":"https:\/\/medgyd.lt\/parduotuve\/wp-json\/wp\/v2\/media?parent=8572"}],"wp:term":[{"taxonomy":"product_brand","embeddable":true,"href":"https:\/\/medgyd.lt\/parduotuve\/wp-json\/wp\/v2\/product_brand?post=8572"},{"taxonomy":"product_cat","embeddable":true,"href":"https:\/\/medgyd.lt\/parduotuve\/wp-json\/wp\/v2\/product_cat?post=8572"},{"taxonomy":"product_tag","embeddable":true,"href":"https:\/\/medgyd.lt\/parduotuve\/wp-json\/wp\/v2\/product_tag?post=8572"}],"curies":[{"name":"wp","href":"https:\/\/api.w.org\/{rel}","templated":true}]}}